d t?
94
Let n(p) = p**2 - 59*p + 885. Let h be n(41). What is the greatest common factor of h and 4606?
49
Suppose h - 337 = p, -37*h + 39*h - 5*p = 689. Let m = -156 + h. Calculate the highest common divisor of m and 11.
11
Let v(l) = -l**2 + 2*l + 2. Let s(k) = k**3 + 22*k**2 + 12*k + 9. Let p(r) = -s(r) - 5*v(r). Let h be p(-16). What is the highest common factor of h and 154?
77
Suppose 48 = l + l. Let j(s) = 2*s**2 - 10*s - 60. Suppose 3*o + 54 = 9*o. Let u be j(o). What is the greatest common divisor of l and u?
12
Let n(i) = 20*i**3 - 2*i**2 + i. Let u be n(1). Suppose -2*d - 1180*v + 1184*v = -362, 5*v + 538 = 3*d. Calculate the highest common factor of u and d.
19
Let t(z) = -z**3 - 7*z**2 + 2*z + 14. Let x be t(-7). Suppose 5*y - 12*y + 224 = x. Calculate the highest common factor of y and 512.
32
Let c(x) = -x**3 - 19*x**2 - 95*x + 63. Let a be c(-11). Suppose n - 6*n + 2*s = -1058, 0 = 4*s + 16. What is the greatest common divisor of n and a?
70
Suppose a - 8 = -y - a, -4*y + 2*a - 8 = 0. Let o be -6 + (20 - y) - 6. Calculate the greatest common divisor of 20 and o.
4
Suppose -4*y + 298 - 1018 = -u, -4*y = -20. What is the highest common factor of 1665 and u?
185
Suppose x - 20 = -1. Let g(s) = 2*s - 6. Let a be g(-25). Let z be 0 + 14/a + 154/8. What is the greatest common divisor of z and x?
19
Suppose 0 = -4*d + 4*b + 176, 3*d + 53*b - 55*b = 127. What is the greatest common factor of d and 416?
13
Suppose -4*d - 5*a + 1419 = 0, -d = a + 4*a - 336. Let p(c) = 23*c + 847. Let v be p(-36). Calculate the greatest common factor of d and v.
19
Suppose 0 = 198*b - 199*b + 99. Calculate the highest common divisor of 187 and b.
11
Let m(w) = -5*w - 1. Suppose -k - k = 6. Let y be m(k). Let g(t) = 7*t**2 - 167*t + 18. Let b be g(24). What is the highest common factor of b and y?
14
Suppose 349*j - 582*j + 25164 = 0. What is the greatest common divisor of j and 420?
12
Let f(r) = 1161*r - 9261. Let l be f(8). Calculate the highest common divisor of 24489 and l.
27
Let v be (-10)/((-770)/33) - (-10)/(-7). Let q be (12/12)/(v/(-31)). Calculate the greatest common divisor of 2 and q.
1
Let r be ((-15)/(-10) - -1)*2. Suppose -r*u = g, -g - 2*g = -3*u + 18. Let p be (0 - (4 + -4)) + u. What is the greatest common divisor of 7 and p?
1
Suppose -113*o + 45 = -104*o. Suppose 2*w - o*i - 90 = 20, -w - 2*i = -55. What is the greatest common divisor of w and 22?
11
Suppose -49*x = -45*x + 1120. Let n = x - -328. Calculate the greatest common factor of 96 and n.
48
Let w(i) = 5*i**2 + 12*i - 20. Let p be w(-7). Let m = p + -138. Let q be m*(-4 - (-57)/9). What is the highest common divisor of q and 7?
7
Let t(h) = 8*h - 13. Let k(a) = -8*a + 14. Let r(x) = -5*k(x) - 4*t(x). Let o be -4*25/40*-2. Let b be r(o). Calculate the greatest common factor of 2 and b.
2
Let s = -2614 - -4766. Calculate the highest common factor of s and 8.
8
Let a = 360 + -331. Suppose 0 = 13*l - a*l + 48. Calculate the highest common factor of l and 237.
3
Let p = 12176 + -11988. What is the greatest common factor of 26508 and p?
188
Let o be (8/(-6))/(4/(-18)). Let t(i) be the third derivative of -5*i**4/24 + 89*i**3/6 - 51*i**2. Let a be t(7). What is the highest common divisor of a and o?
6
Let s = 14142 + -13531. Calculate the greatest common divisor of 351 and s.
13
Suppose b = 4*b + 8*b - 440. What is the highest common factor of b and 14360?
40
Let n be -142*(351/(-26) - 10). Calculate the greatest common factor of n and 47.
47
Suppose -5*r = -4*v - 19, -4 = -3*r - 4*v + 1. Let m(o) = 19*o + 19. Let x be m(r). What is the greatest common divisor of x and 114?
38
Let b = -380 + 384. Suppose -2*y + 3*r + 21 = 0, b*r + 0*r = 5*y - 70. Calculate the greatest common divisor of 30 and y.
6
Suppose 40*q = 29*q + 66. Suppose -q*a + a = -255. Calculate the highest common divisor of a and 17.
17
Let f(v) = -102*v + 387. Let m be f(3). What is the greatest common divisor of 42 and m?
3
Suppose -5*v + 8*v - 201 = -5*b, -4*v = -3*b + 138. Calculate the greatest common divisor of 1134 and b.
42
Let w(q) = -4*q + 81. Let i be w(23). Let z(s) = -3*s - 24. Let o be z(i). What is the highest common divisor of o and 2?
1
Let b be (-2)/8 - (-7)/(-4). Let k be (-34 - (-12)/4)/(-1). Let z be (216/28)/(k/14 + b). What is the highest common factor of 288 and z?
36
Suppose 5*k + 4*d = d + 1784, 1772 = 5*k - d. Suppose 66*w - 923 = 53*w. Calculate the highest common factor of k and w.
71
Let m = -17210 + 17268. What is the greatest common divisor of 9599 and m?
29
Let n(b) = 74*b**3 - 798*b**2 + 19*b + 15. Let v be n(11). What is the greatest common factor of v and 5?
5
Let c(i) = 5*i - 3. Let r be c(7). Suppose 98 = 5*q - r. Suppose -1880 = -344*n + 38368. Calculate the highest common divisor of q and n.
13
Suppose 2*x + i + 8723 = 0, 8698 = 6*x - 8*x + 4*i. Let o be (-9)/(-21) + x*4/(-84). Calculate the greatest common divisor of 13 and o.
13
Let d be 12/5 - 2/5. Suppose d*o = 107 - 23. Let y be (854/(-183))/(2/12*-1). Calculate the greatest common factor of o and y.
14
Suppose -47*p = -472 + 143. Suppose -2*m - 3*f - 755 = -4*m, 0 = f - 5. Suppose -6*l = -l - m. What is the highest common divisor of l and p?
7
Let l be 38/(-4) - (-5)/(-50)*5. Let w = 2 + l. Let q = w - -15. Calculate the highest common factor of q and 1.
1
Suppose 0 = 7*m - 2*m - 300. Suppose 40 = -2*z - 168. Let p = 119 + z. What is the highest common factor of p and m?
15
Suppose -5*o + 791 = j, -112*j + 3*o + 735 = -111*j. What is the highest common divisor of 207 and j?
9
Suppose -5*a - 34 = 4*g, 9*a - 4*g + 26 = 4*a. Let s be a*6/(-12)*4. Let n = 43 - 7. Calculate the greatest common factor of s and n.
12
Suppose -16*z = 10*z - 351 - 273. What is the greatest common factor of z and 13848?
24
Let t(a) = 3*a**2 + 48*a + 37. Let d be t(-16). Suppose -270 = 32*k - d*k. Calculate the greatest common factor of 90 and k.
18
Let c be (-12)/2*9/(-6). Suppose 108 + 61 = 2*k - 5*r, 0 = 5*k - 4*r - 380. Calculate the highest common factor of k and c.
9
Suppose 206 = 4*h - 3*z, h = 5*z + 71 - 11. Calculate the greatest common divisor of h and 6550.
50
Let l(q) = 3*q**3 + 11*q**2 - 3*q - 4. Let a be l(-4). Let c be 116/522 - 2/9*a. What is the greatest common divisor of 1 and c?
1
Suppose -3*g + 6518 = 5*f + 6254, 0 = 2*f + 5*g - 155. Let b(m) = -406*m**3 - 2*m**2 - 2*m - 1. Let w be b(-1). Calculate the highest common divisor of w and f.
45
Suppose -3*c + 1725 + 1619 = 4*q, 4*q = -5*c + 5576. What is the greatest common divisor of c and 36?
36
Let c = 0 - -3. Let z = -17 + 18. Suppose -4*r - 12 = -4*w, 2*r - w = -r + z. What is the greatest common divisor of r and c?
1
Let q(n) = n**2 - 4*n - 9. Let a = -138 + 144. Let s be q(a). Suppose -30*z = -29*z - s. Calculate the greatest common factor of z and 3.
3
Let z be 43 - (1/12)/((-182)/(-19656)). Let w be (2 + -1)*1*17. What is the highest common factor of w and z?
17
Let t be (24/28)/((-1)/(-644)). Calculate the highest common factor of t and 216.
24
Let c(r) = -r**3 - 13*r**2 + 27*r - 35. Let t be c(-15). Suppose -18*f + t = -8*f. What is the highest common factor of f and 11?
1
Let r(b) = -2*b**3 + 146*b**2 + 152*b + 180. Let t be r(74). Calculate the highest common factor of t and 136.
68
Suppose -5*d - 2 - 14 = -2*k, 0 = -4*d. Suppose -3*b = -k - 22. Suppose -165*a + 166*a = b. What is the greatest common divisor of a and 60?
10
Let o be -5*(-18)/30 + (-1)/1. Let r be (o/(-6))/(2/(-282)). Let z = 77 - r. Calculate the highest common factor of 150 and z.
30
Let y be (-2 - 45/(-20)) + 701985/60. What is the greatest common divisor of 117 and y?
117
Suppose 32*x = 33*x - 3*o - 305, 2*x - 575 = o. Calculate the highest common divisor of x and 2911.
71
Let u(q) = -q**3 - 4*q**2 - 5. Let k be u(-6). Suppose -k*m = -61*m - 78. Calculate the highest common divisor of 117 and m.
13
Suppose -15*h = -17*h - 12. Let s be -1 + 2 + (-42)/h. What is the greatest common divisor of s and 24?
8
Suppose 3*u - 91 = -2*o - 84, -5*o + u = -77. Suppose 0 = -2*l + 4*l + 544. Let j = l + 426. What is the greatest common divisor of o and j?
14
Let b be 9/2 + 9/(-18)*1. Suppose -b*u = 4*h - 33 - 103, 0 = 5*h - 3*u - 154. What is the greatest common factor of h and 512?
32
Let o(v) = -v + 12. Let f be